
-20
Let n(g) = -44*g**3 + 2183*g**2 + 65246*g - 28. Give n(-21).
-7
Let x(k) = -52991*k - 5617051. Give x(-106).
-5
Let h(u) = u**3 + u**2 - 65*u + 91. Calculate h(7).
28
Let b(w) = -3*w**3 + 26*w**2 - 1406*w + 11163. Determine b(8).
43
Let g(a) = 12548*a + 614847. Determine g(-49).
-5
Let x(j) = -j**2 + 4311*j - 47295. Determine x(11).
5
Let i(k) = -31*k + 403. Give i(10).
93
Let x(z) = 7*z**2 + 155*z + 441. Calculate x(-3).
39
Let n(u) = 19*u**2 - 1632*u + 14846. What is n(9)?
1697
Let b(l) = 3*l**3 + 742*l**2 + 882*l - 25085. What is b(-246)?
7
Let w(f) = -f**2 + 411*f + 4634. What is w(-11)?
-8
Let k(u) = 387*u + 5151. What is k(-17)?
-1428
Let q(s) = 37490*s - 1762002. Determine q(47).
28
Let p(a) = -7614*a + 1789305. What is p(235)?
15
Let g(v) = -8374*v + 5652453. Calculate g(675).
3
Let j(s) = s**3 + 550*s**2 - 5062*s - 85. Determine j(9).
-364
Let t(y) = -3*y**3 + 72*y**2 - 212*y - 549. Determine t(20).
11
Let q(p) = -3474*p - 34506. What is q(-10)?
234
Let m(h) = -2621*h + 209712. Give m(80).
32
Let w(b) = b**3 + 5*b**2 + 4962*b + 24826. What is w(-5)?
16
Let z(n) = -18*n**3 - 24*n**2 - 2*n - 14. Determine z(-4).
762
Let t(u) = -550*u**2 - 3291*u + 53. Determine t(-6).
-1
Let m(b) = -151*b - 13647. Determine m(-62).
-4285
Let i(s) = 2898*s + 11978. Determine i(-4).
386
Let c(q) = q**3 + 36*q**2 + 144*q + 1354. Determine c(-33).
-131
Let c(v) = -2*v**2 + 68*v - 108. Calculate c(47).
-1330
Let f(c) = -14258*c + 72432. Determine f(5).
1142
Let d(w) = w**2 + 1009*w - 34394. What is d(32)?
-1082
Let o(s) = -s**3 - 63*s**2 - 380*s + 1031. Give o(-56).
359
Let k(n) = 547*n**2 - 491*n + 491. Give k(1).
547
Let h(l) = -4804*l - 4702. Give h(-1).
102
Let h(a) = -20*a**2 + 1496*a - 881. What is h(74)?
303
Let a(l) = -3*l**3 + 295*l**2 + 430*l - 79347. Determine a(97).
-1
Let k(i) = -i**3 - 38*i**2 - 26*i - 940. What is k(-38)?
48
Let z(r) = -7*r**3 + 264*r**2 - 36*r + 171. Determine z(38).
-4085
Let a(g) = 5*g**2 + 11*g - 4830. Determine a(-33).
252
Let c(l) = 21*l**2 - 54895*l + 54892. Calculate c(1).
18
Let f(y) = 2210*y + 749197. Determine f(-339).
7
Let a(j) = j**2 - 3418*j + 296275. What is a(89)?
-6
Let x(c) = -2*c**3 - 16*c**2 + 138*c - 63. Calculate x(-16).
1825
Let g(c) = -5324*c - 1496114. Give g(-281).
-70
Let g(b) = -b**2 + 2711*b + 85070. Calculate g(-31).
68
Let n(f) = -222*f + 27159. Give n(122).
75
Let u(i) = 2*i**3 - 175*i**2 - 207*i - 5318. Calculate u(89).
22
Let b(t) = -68*t**2 + 3262*t + 6. What is b(48)?
-90
Let h(i) = -705*i + 42345. Calculate h(60).
45
Let k(j) = -j**2 + 21584*j + 323967. Give k(-15).
-18
Let y(w) = w**2 + 128*w - 7223. What is y(45)?
562
Let d(i) = i**3 - 15*i**2 + 710*i - 12731. Give d(17).
-83
Let j(y) = y**2 + 41*y - 1954. What is j(31)?
278
Let p(o) = 50*o**2 - 21596*o - 43190. Give p(-2).
202
Let x(i) = 35714*i + 107221. Give x(-3).
79
Let m(h) = 2*h**3 - 957*h**2 - 217*h - 125494. What is m(479)?
4
Let u(y) = -y**3 + 26*y**2 + 27*y - 1260. Give u(25).
40
Let r(l) = 6791*l + 34190. Determine r(-5).
235
Let d(x) = -8*x**3 + 287*x**2 - 519*x - 45. What is d(34)?
-351
Let g(n) = n**3 - 271*n**2 + 18145*n + 419. Give g(150).
-331
Let k(s) = -5*s**3 + 1198*s**2 + 8625*s - 42. Determine k(-7).
0
Let v(s) = -2*s**2 - 23*s + 644. Determine v(19).
-515
Let z(l) = 2716*l - 24434. Calculate z(9).
10
Let g(b) = 1627*b - 395378. Give g(243).
-17
Let b(z) = 85*z**2 + 3656*z - 28. Determine b(-43).
-71
Let x(k) = 3*k**2 - 4559*k + 45678. Give x(10).
388
Let q(m) = -3*m**3 - 11*m**2 + 77*m + 701. Calculate q(-8).
917
Let k(l) = 2*l**2 - 4170*l + 66381. Determine k(16).
173
Let f(s) = s**3 - 188*s**2 - 6540*s + 46. Calculate f(218).
46
Let r(t) = t**3 - 126*t**2 - 18534*t - 263. What is r(-87)?
-2
Let a(h) = -29*h**2 + 4700*h - 745. Give a(162).
-421
Let x(u) = -213*u**3 - 73*u**2 + 91*u - 18. What is x(1)?
-213
Let l(f) = -f**3 - 14*f**2 - 129*f - 1918. Determine l(-14).
-112
Let k(i) = 6990*i + 6992. What is k(-1)?
2
Let q(f) = -132*f**2 + 1776*f + 1017. Calculate q(14).
9
Let q(m) = -m**3 + 92*m**2 + 44*m - 3990. What is q(92)?
58
Let z(j) = -72*j**2 - 47924*j - 95571. Give z(-2).
-11
Let d(l) = -12*l**3 + 434*l**2 - 127*l + 1974. Give d(36).
-6
Let x(n) = 3*n**3 - 12*n**2 - 150*n - 12. Give x(-9).
-1821
Let i(w) = -36630*w + 3919410. Give i(107).
0
Let k(a) = a**3 - 1304*a**2 - 197438*a + 30253. Calculate k(1441).
-8
Let f(h) = 661*h**2 + 2590*h + 7. What is f(-4)?
223
Let i(y) = 477*y + 23478. What is i(-53)?
-1803
Let r(m) = m**3 - 137*m**2 + 2307*m - 1384. What is r(19)?
-149
Let s(f) = -11*f**3 - 83*f**2 + 49*f + 34. Calculate s(-6).
-872
Let s(t) = -t**3 + 56*t**2 + 25*t - 1425. What is s(56)?
-25
Let f(n) = -n**3 + 27*n**2 + 108*n - 2315. Calculate f(27).
601
Let o(y) = 3*y**3 + 321*y**2 + 315*y - 325. Determine o(-106).
-7
Let s(r) = -16*r**2 + 1507*r - 290. Give s(94).
-8
Let d(u) = -u**3 + 139*u**2 + 282*u + 546. What is d(141)?
546
Let d(w) = -21*w - 126. Give d(-5).
-21
Let d(h) = h**3 + 276*h**2 - 117*h + 44282. Calculate d(-277).
-38
Let o(t) = 8*t**3 - 44*t**2 - 2039*t - 218. What is o(19)?
29
Let d(x) = -x**3 - x**2 + 684*x + 2760. Give d(-4).
72
Let w(t) = -t**3 - 200*t**2 + 23491*t + 560. Calculate w(-283).
-6
Let h(v) = v**3 - 318*v**2 - 288*v - 9612. What is h(319)?
277
Let m(t) = 2*t**3 - 64*t**2 + 183*t + 705. Determine m(29).
966
Let r(h) = -115*h - 3439. Determine r(-32).
241
Let d(r) = -r**3 - 5*r**2 - 738*r - 5282. Calculate d(-7).
-18
Let u(m) = -8*m**2 + 1195*m - 10494. What is u(140)?
6
Let r(n) = 4615*n - 1919831. Calculate r(416).
9
Let q(w) = 120*w - 6184. Give q(48).
-424
Let i(p) = -688175*p + 12387161. Give i(18).
11
Let t(m) = m**2 + 2407*m - 595072. Calculate t(226).
-14
Let z(d) = 3*d**3 - 564*d**2 - 95902*d - 585. What is z(296)?
7
Let f(i) = -43397*i + 3818936. What is f(88)?
0
Let o(r) = -673*r**2 - 312321*r - 22730. Determine o(-464).
6
Let l(s) = -4*s**2 - 164*s - 851. Determine l(-35).
-11
Let b(x) = 10651*x + 149109. Give b(-14).
-5
Let h(f) = -20709*f - 2319360. Give h(-112).
48
Let g(y) = -4*y**2 + 68*y + 1422. What is g(-27)?
-3330
Let h(t) = -t**3 - 1529*t**2 - 1508*t + 30565. Determine h(-1528).
5
Let g(w) = 2*w**3 + 14*w**2 - 87152*w - 697074. Calculate g(-8).
14
Let h(g) = 2*g**2 - 153*g - 7764. What is h(-37)?
635
Let k(r) = 321*r + 37955. Determine k(-125).
-2170
Let p(b) = 6*b**2 + 13320*b + 66616. Calculate p(-5).
166
Let w(z) = 507272*z + 5072722. Give w(-10).
2
Let a(p) = -2*p**3 + 343*p**2 - 5662*p + 160. Determine a(153).
7
Let m(s) = -53455*s + 213879. Determine m(4).
59
Let l(b) = -2261*b + 1942195. What is l(859)?
-4
Let k(x) = -67*x - 3868. Give k(-34).
-1590
Let k(r) = 80*r - 4241. Determine k(66).
1039
Let z(r) = -r**3 - 66*r**2 - 10*r - 4058. Determine z(-66).
-3398
Let f(w) = -180*w + 13932. Give f(75).
432
Let k(y) = y**3 + 97*y**2 + 1626*y + 73385. Give k(-88).
-7
Let q(z) = 401*z**2 - 4798*z + 30. Give q(12).
198
Let m(p) = -491*p + 17387. Determine m(38).
-1271
Let v(d) = 1450*d + 88451. Determine v(-61).
1
Let c(j) = -2*j**3 - 119*j**2 + 5140*j - 186. Calculate c(29).
17
Let q(n) = 111*n**2 - 8664*n + 453. Determine q(78).
-15
Let q(p) = -8*p**3 + 13*p**2 + 23*p - 293. Calculate q(7).
-2239
Let c(u) = 9*u**3 - 119*u**2 + 498*u - 1. Determine c(4).
663
Let s(w) = -w**3 - 12*w - 17. What is s(11)?
-1480
Let j(k) = 172*k + 50371. What is j(-293)?
-25
Let s(d) = 19*d - 1921. Determine s(69).
-610
Let v(h) = -360*h**2 + 10390*h + 1383. Give v(29).
-67
Let o(q) = -q**3 + 112*q**2 + 1388*q - 4316. Give o(123).
-11
Let m(y) = 2*y**3 + 13*y**2 + 158*y + 868. What is m(-6)?
-44
Let g(m) = 497*m**2 - 8447*m - 17. Determine g(17).
17
Let d(x) = -x**2 - 2747*x - 137502. What is d(-51)?
-6
Let h(g) = 33*g**3 - 92*g**2 + 337*g + 37. Determine h(4).
2025
Let x(t) = 3*t**2 + 3774*t + 114126. Determine x(-31).
15
Let d(k) = -451*k + 709. Calculate d(-3).
2062
Let l(v) = -32*v**3 - 25*v**2 - 1080*v - 1077. Determine l(-1).
10
Let r(o) = o**2 - 2421*o + 43319. Calculate r(18).
65
Let x(j) = -12*j**3 - 895*j**2 - 12*j + 37447. Determine x(-74).
3
Let y(d) = 2*d**3 - 37*d**2 - 1890*d + 445. Determine y(-23).
8
Let p(u) = 51*u**2 - 413*u + 110. Determine p(8).
70
Let x(m) = 7067*m - 1201183. Calculate x(170).
207
Let a(n) = -582*n - 19420. Determine a(-29).